{"id":37667,"date":"2025-11-28T15:36:34","date_gmt":"2025-11-28T14:36:34","guid":{"rendered":"https:\/\/wpserwis.cfolks.pl\/r2\/?post_type=obiekt&#038;p=37667"},"modified":"2025-12-17T16:27:55","modified_gmt":"2025-12-17T15:27:55","slug":"mogila-stare-powazki","status":"publish","type":"obiekt","link":"https:\/\/wpserwis.cfolks.pl\/r2\/obiekt\/mogila-stare-powazki\/","title":{"rendered":"Mogi\u0142a \u2013 Stare Pow\u0105zki"},"content":{"rendered":"<p>Pogoda by\u0142a jednak niesprzyjaj\u0105ca. Wia\u0142 bardzo silny wiatr i powsta\u0142y na Wi\u015ble du\u017ce fale. \u0141\u00f3d\u017a z niedo\u015bwiadczon\u0105 za\u0142og\u0105 zaton\u0119\u0142a, uratowa\u0142o si\u0119 tylko pi\u0119ciu wio\u015blarzy i sternik. Ten wypadek poruszy\u0142 warszawiak\u00f3w. W Mszy \u015awi\u0119tej w ko\u015bciele \u015awi\u0119tego Krzy\u017ca uczestniczy\u0142o kilka tysi\u0119cy os\u00f3b. Pogrzeb odby\u0142 si\u0119 na Cmentarzu Pow\u0105zkowskim gdzie na ich grobie postawiono p\u00f3\u017aniej pomnik w kwaterze 187 \u2013 I -1 kt\u00f3ry zachowa\u0142 si\u0119 dotychczas i jest pod opiek\u0105 WTW. Wypadek poruszy\u0142 \u015brodowisko wio\u015blarskie. Podj\u0119to wtedy \u015brodki maj\u0105ce zaradzi\u0107 podobnym wypadkom kt\u00f3re z biegiem czasu okaza\u0142y si\u0119 skuteczne. <\/p>\n<p>Dzisiaj gr\u00f3b jest wpisany jako zabytek przez sto\u0142ecznego konserwatora. Spoczywaj\u0105 tam druhowie: <strong>Juljan Bogus\u0142awski<\/strong> (zgin\u0105\u0142 w wieku 32 lat), <strong>Edmund Kozyrski<\/strong> (zgin\u0105\u0142 w wieku 24 lat) i <strong>Kazimierz \u015awi\u0105tecki<\/strong> (zgin\u0105\u0142 w wieku 22 lat). W 2011 roku, otoczenie grobu zosta\u0142o odrestaurowane i odnowione, po tym jak ucierpia\u0142o wskutek z\u0142amanego drzewa.<\/p>\n<p>Gr\u00f3b pod sta\u0142\u0105 opiek\u0105 Zarz\u0105du i Ko\u0142a Senior\u00f3w, jest odwiedzany przez naszych cz\u0142onk\u00f3w. W tradycji WTW jest przyj\u0119te, \u017ce zmar\u0142y Prezes WTW w trakcie urz\u0119dowania, ma prawo spocz\u0105\u0107 w grobowcu WTW.<\/p>\n","protected":false},"excerpt":{"rendered":"<p>W dniu 15 czerwca 1890 roku zdarzy\u0142 si\u0119 wypadek okre\u015blony przez \u00f3wczesn\u0105 pras\u0119 warszawsk\u0105 jako katastrofa na Wi\u015ble. Zaton\u0119\u0142o trzech wio\u015blarzy z za\u0142ogi \u00f3semki Warszawskiego Towarzystwa Wio\u015blarskiego. Tego dnia wielu mieszka\u0144c\u00f3w Warszawy p\u0142yn\u0119\u0142o statkami i \u0142odziami do \u0141omianek, gdzie przygotowana by\u0142a dla nich uczta  w sali urz\u0105dzonej na wz\u00f3r niemieckich bierhalle, a p\u00f3\u017aniej zabawa taneczna.<\/p>\n","protected":false},"featured_media":37668,"parent":0,"menu_order":4,"template":"","meta":{"_acf_changed":false},"class_list":["post-37667","obiekt","type-obiekt","status-publish","has-post-thumbnail","hentry"],"acf":[],"_links":{"self":[{"href":"https:\/\/wpserwis.cfolks.pl\/r2\/wp-json\/wp\/v2\/obiekt\/37667","targetHints":{"allow":["GET"]}}],"collection":[{"href":"https:\/\/wpserwis.cfolks.pl\/r2\/wp-json\/wp\/v2\/obiekt"}],"about":[{"href":"https:\/\/wpserwis.cfolks.pl\/r2\/wp-json\/wp\/v2\/types\/obiekt"}],"wp:featuredmedia":[{"embeddable":true,"href":"https:\/\/wpserwis.cfolks.pl\/r2\/wp-json\/wp\/v2\/media\/37668"}],"wp:attachment":[{"href":"https:\/\/wpserwis.cfolks.pl\/r2\/wp-json\/wp\/v2\/media?parent=37667"}],"curies":[{"name":"wp","href":"https:\/\/api.w.org\/{rel}","templated":true}]}}

Mogiła – Stare Powązki

<p>Pogoda była jednak niesprzyjająca. Wiał bardzo silny wiatr i powstały na Wiśle duże fale. Łódź z niedoświadczoną załogą zatonęła, uratowało się tylko pięciu wioślarzy i sternik. Ten wypadek poruszył warszawiaków. W Mszy Świętej w kościele Świętego Krzyża uczestniczyło kilka tysięcy osób. Pogrzeb odbył się na Cmentarzu Powązkowskim gdzie na ich grobie postawiono później pomnik w kwaterze 187 – I -1 który zachował się dotychczas i jest pod opieką WTW. Wypadek poruszył środowisko wioślarskie. Podjęto wtedy środki mające zaradzić podobnym wypadkom które z biegiem czasu okazały się skuteczne. </p>
<p>Dzisiaj grób jest wpisany jako zabytek przez stołecznego konserwatora. Spoczywają tam druhowie: <strong>Juljan Bogusławski</strong> (zginął w wieku 32 lat), <strong>Edmund Kozyrski</strong> (zginął w wieku 24 lat) i <strong>Kazimierz Świątecki</strong> (zginął w wieku 22 lat). W 2011 roku, otoczenie grobu zostało odrestaurowane i odnowione, po tym jak ucierpiało wskutek złamanego drzewa.</p>
<p>Grób pod stałą opieką Zarządu i Koła Seniorów, jest odwiedzany przez naszych członków. W tradycji WTW jest przyjęte, że zmarły Prezes WTW w trakcie urzędowania, ma prawo spocząć w grobowcu WTW.</p>

<p>W dniu 15 czerwca 1890 roku zdarzył się wypadek określony przez ówczesną prasę warszawską jako katastrofa na Wiśle. Zatonęło trzech wioślarzy z załogi ósemki Warszawskiego Towarzystwa Wioślarskiego. Tego dnia wielu mieszkańców Warszawy płynęło statkami i łodziami do Łomianek, gdzie przygotowana była dla nich uczta  w sali urządzonej na wzór niemieckich bierhalle, a później zabawa taneczna.</p>
