{"id":15259,"date":"2014-06-05T12:29:58","date_gmt":"2014-06-05T12:29:58","guid":{"rendered":"http:\/\/demo.qodeinteractive.com\/bridge12\/?page_id=15259"},"modified":"2025-12-21T20:34:05","modified_gmt":"2025-12-21T19:34:05","slug":"struktura-wtw","status":"publish","type":"page","link":"https:\/\/wpserwis.cfolks.pl\/r2\/struktura-wtw\/","title":{"rendered":"Struktura WTW"},"content":{"rendered":"<div class=\"row text-center py-2\">\n<h2 class=\"h3\">ZARZ\u0104D WTW WARSZAWA<\/h2>\n<p><strong>Bogus\u0142aw Siennicki &#8211; Prezes Zarz\u0105du<\/strong><br \/>\n<strong>Jaros\u0142aw Wolski &#8211; Wiceprezes Zarz\u0105du ds. Sportowych<\/strong><br \/>\n<strong>Marcin Brzezi\u0144ski &#8211; Wiceprezes Zarz\u0105du<\/strong><br \/>\n<strong>Micha\u0142 Starczewski &#8211; Sekretarz Zarz\u0105du<\/strong><br \/>\n<strong>Joanna Dorociak &#8211; Cz\u0142onek Zarz\u0105du<\/strong>\n<\/div>\n<div class=\"row text-center py-4\">\n<h2 class=\"h4\">BIURO WTW<\/h2>\n<div class=\"col-md-12 pb-4\">\n<strong>Warszawskie Towarzystwo Wio\u015blarskie<\/strong><br \/>\nul. Zaruskiego 12, 00-468 Warszawa<br \/>\nadres do korespondencji: ul. Wio\u015blarska 6, 00-411 Warszawa<br \/>\ntel.: 532 349 978<br \/>\n<a href=\"mailto:wtw@wtw.waw.pl\">wtw@wtw.waw.pl<\/a><br \/>\nNIP 526 000 12 69\n<\/div>\n<div class=\"col-md-12\">\n<strong>Maciej \u015aliwi\u0144ski<\/strong> \u2013 Dyrektor Biura \/ Pe\u0142nomocnik Zarz\u0105du<br \/>\n<a href=\"mailto:maciej.sliwinski@wtw.waw.pl\">maciej.sliwinski@wtw.waw.pl<\/a>\n<\/div>\n<\/div>\n<div class=\"row justify-content-center text-center\">\n<div class=\"col-md-4\">\n<strong>Ma\u0142gorzata Nalepa<\/strong><br \/>\n<a href=\"mailto:malgorzata.nalepa@wtw.waw.pl\">malgorzata.nalepa@wtw.waw.pl<\/a>\n<\/div>\n<div class=\"col-md-4 pb-4\">\n<strong>Lidia Tro\u0107<\/strong><br \/>\n<a href=\"mailto:lidia.troc@wtw.waw.pl\">lidia.troc@wtw.waw.pl<\/a>\n<\/div>\n<div class=\"col-md-4 pb-4\">\n<strong>Renata Kropkowska<\/strong><br \/>\n<a href=\"mailto:renata.kropkowska@wtw.waw.pl\">renata.kropkowska@wtw.waw.pl<\/a>\n<\/div>\n<div class=\"col-md-4 pb-4\">\n<strong>Przemys\u0142aw Pazikowski<\/strong><br \/>\n<a href=\"mailto:przemyslaw.pazikowski@wtw.waw.pl\">przemyslaw.pazikowski@wtw.waw.pl<\/a>\n<\/div>\n<div class=\"col-md-4 pb-4\">\n<strong>Ewa Kawi\u0144ska<\/strong> &#8211; Kierownik OSW &#8222;Marina&#8221;:<br \/>\n<a href=\"mailto:marina@wtw.waw.pl\">marina@wtw.waw.pl<\/a>\n<\/div>\n<\/div>\n<div class=\"row text-center py-5\">\n<div class=\"col-md-6 pb-3\">\n<h2 class=\"h4\">KOMISJA REWIZYJNA<\/h2>\n<p><strong>Rafa\u0142 Sisicki<\/strong> &#8211; Wiceprzewodnicz\u0105cy Komisji<br \/>\n<strong>Tadeusz Isbrandt<\/strong> &#8211; Cz\u0142onek Komisji<br \/>\n<strong>Hans Koeppen<\/strong> &#8211; Cz\u0142onek Komisji<br \/>\n<strong>Marcin Wolny<\/strong> &#8211; Cz\u0142onek Komisji<br \/>\n<strong>Tomasz Kowalski<\/strong> &#8211; Cz\u0142onek Komisji\n<\/div>\n<div class=\"col-md-6\">\n<h2 class=\"h4\">KOMISJA ETYKI I SPRAW CZ\u0141ONKOWSKICH<\/h2>\n<p><strong>Maria Wolska<\/strong> &#8211; Przewodnicz\u0105ca Komisji<br \/>\n<strong>S\u0142awomir Smoli\u0144ski<\/strong> &#8211; Sekretarz<br \/>\n<strong>Dominik Brodziak<\/strong> &#8211; Cz\u0142onek Komisji<br \/>\n<strong>Sylwia Kocerka<\/strong> &#8211; Cz\u0142onek Komisji\n<\/div>\n<\/div>\n<div class=\"row text-center py-5\">\n<div class=\"col-md-4\">\n<h2 class=\"h4\">KO\u0141O SENIOR\u00d3W<\/h2>\n<p><strong>Maria Wolska<\/strong> &#8211; Przewodnicz\u0105ca Ko\u0142a<br \/>\n<strong>Teresa Zar\u0119bska<\/strong> &#8211; Wiceprzewodnicz\u0105ca Ko\u0142a<br \/>\n<strong>S\u0142awomir Smoli\u0144ski<\/strong> &#8211; Sekretarz Ko\u0142a\n<\/div>\n<div class=\"col-md-4\">\n<h2 class=\"h4\">KAPITU\u0141A ODZNAKI<\/h2>\n<p><strong>Maria Wolska<\/strong> &#8211; Przewodnicz\u0105ca Kapitu\u0142y<br \/>\n<strong>Jerzy Kurek<\/strong> &#8211; Wiceprzewodnicz\u0105cy Kapitu\u0142y<br \/>\n<strong>Jacek Bogda\u0144ski<\/strong> &#8211; Sekretarz Kapitu\u0142y<\/p>\n<p><strong>S\u0142awomir Smoli\u0144ski<\/strong> &#8211; Chor\u0105\u017cy<br \/>\n<strong>Jacek Przygodzki<\/strong> &#8211; Kronikarz\n<\/div>\n<div class=\"col-md-4\">\n<h2 class=\"h4\">KOMISJA STATUTOWA<\/h2>\n<p><strong>Dominik Brodziak<\/strong> &#8211; Cz\u0142onek Komisji<br \/>\n<strong>Tadeusz Isbrandt<\/strong> &#8211; Cz\u0142onek Komisji<br \/>\n<strong>Maria Wolska<\/strong> &#8211; Cz\u0142onek Komisji\n<\/div>\n<\/div>\n","protected":false},"excerpt":{"rendered":"<p>ZARZ\u0104D WTW WARSZAWA Bogus\u0142aw Siennicki &#8211; Prezes Zarz\u0105du Jaros\u0142aw Wolski &#8211; Wiceprezes Zarz\u0105du ds. Sportowych Marcin Brzezi\u0144ski &#8211; Wiceprezes Zarz\u0105du Micha\u0142 Starczewski &#8211; Sekretarz Zarz\u0105du Joanna Dorociak &#8211; Cz\u0142onek Zarz\u0105du BIURO WTW Warszawskie Towarzystwo Wio\u015blarskie ul. Zaruskiego 12, 00-468 Warszawa adres do korespondencji: ul. Wio\u015blarska 6, 00-411 Warszawa tel.: 532 349 978 wtw@wtw.waw.pl NIP 526 [&hellip;]<\/p>\n","protected":false},"author":1,"featured_media":38037,"parent":0,"menu_order":0,"comment_status":"closed","ping_status":"closed","template":"","meta":{"_acf_changed":false,"footnotes":""},"class_list":["post-15259","page","type-page","status-publish","has-post-thumbnail","hentry"],"acf":[],"_links":{"self":[{"href":"https:\/\/wpserwis.cfolks.pl\/r2\/wp-json\/wp\/v2\/pages\/15259","targetHints":{"allow":["GET"]}}],"collection":[{"href":"https:\/\/wpserwis.cfolks.pl\/r2\/wp-json\/wp\/v2\/pages"}],"about":[{"href":"https:\/\/wpserwis.cfolks.pl\/r2\/wp-json\/wp\/v2\/types\/page"}],"author":[{"embeddable":true,"href":"https:\/\/wpserwis.cfolks.pl\/r2\/wp-json\/wp\/v2\/users\/1"}],"replies":[{"embeddable":true,"href":"https:\/\/wpserwis.cfolks.pl\/r2\/wp-json\/wp\/v2\/comments?post=15259"}],"version-history":[{"count":32,"href":"https:\/\/wpserwis.cfolks.pl\/r2\/wp-json\/wp\/v2\/pages\/15259\/revisions"}],"predecessor-version":[{"id":38085,"href":"https:\/\/wpserwis.cfolks.pl\/r2\/wp-json\/wp\/v2\/pages\/15259\/revisions\/38085"}],"wp:featuredmedia":[{"embeddable":true,"href":"https:\/\/wpserwis.cfolks.pl\/r2\/wp-json\/wp\/v2\/media\/38037"}],"wp:attachment":[{"href":"https:\/\/wpserwis.cfolks.pl\/r2\/wp-json\/wp\/v2\/media?parent=15259"}],"curies":[{"name":"wp","href":"https:\/\/api.w.org\/{rel}","templated":true}]}}