{"id":15632,"date":"2017-06-16T11:28:48","date_gmt":"2017-06-16T09:28:48","guid":{"rendered":"http:\/\/wtw1.home.pl\/www_wtwnowa\/?page_id=15632"},"modified":"2025-12-21T20:35:31","modified_gmt":"2025-12-21T19:35:31","slug":"znaki-wtw","status":"publish","type":"page","link":"https:\/\/wpserwis.cfolks.pl\/r2\/znaki-wtw\/","title":{"rendered":"Znaki WTW"},"content":{"rendered":"<h5>God\u0142o<\/h5>\n<p>God\u0142o Towarzystwa nawi\u0105zuje do herbu m.st. Warszawy &#8211; syrena na czerwonej tarczy. Tarcza jest na\u0142o\u017cona na dwa skrzy\u017cowane wios\u0142a w kolorze z\u0142otym z dwoma paskami niebieskimi na dolnej cz\u0119\u015bci pi\u00f3ra. Nad tarcz\u0105 umieszczona jest korona w formie barbakanu tr\u00f3j-bramowego koloru ceglastego. Elementy te na\u0142o\u017cone s\u0105 na kotwic\u0119 koloru ciemnoz\u0142otego z link\u0105. Wios\u0142a, kotwica i tarcza herbowa pokrywaj\u0105 si\u0119 miejscami \u015brodkowymi w centralnym punkcie. Po obu stronach tarczy herbowej od korony do ramion kotwicy zwisaj\u0105 fali\u015bcie dwie szarfy w kolorze bia\u0142o-niebieskim. W dole, poni\u017cej ramion kotwicy umieszczone s\u0105 cyfry 1878 w kolorze z\u0142otym.<\/p>\n<h5>Flaga<\/h5>\n<p>Flaga Towarzystwa jest zarazem bander\u0105 na jednostkach p\u0142ywaj\u0105cych, ma kszta\u0142t prostok\u0105ta o proporcjach 5:8, bia\u0142e t\u0142o z na\u0142o\u017conym krzy\u017cem niebieskim, szeroko\u015bci 1\/10 d\u0142ugo\u015bci flagi, dziel\u0105cym bia\u0142e pole na cztery r\u00f3wne cz\u0119\u015bci. W g\u00f3rnym polu przy drzewcu jest umieszczone god\u0142o.<\/p>\n<h5>Emblemat<\/h5>\n<p>Emblematem Towarzystwa jest tarcza o stylizowanym kszta\u0142cie. T\u0142o bia\u0142e z niebiesk\u0105 obw\u00f3dk\u0105. W g\u00f3rnej cz\u0119\u015bci tarczy umieszczone s\u0105 litery WTW w kolorze niebieskim. Cz\u0119\u015b\u0107 dolna jest podzielona na trzy pola, z kt\u00f3rych skrajne s\u0105 niebieskie a \u015brodkowe bia\u0142e.<\/p>\n","protected":false},"excerpt":{"rendered":"<p>God\u0142o God\u0142o Towarzystwa nawi\u0105zuje do herbu m.st. Warszawy &#8211; syrena na czerwonej tarczy. Tarcza jest na\u0142o\u017cona na dwa skrzy\u017cowane wios\u0142a w kolorze z\u0142otym z dwoma paskami niebieskimi na dolnej cz\u0119\u015bci pi\u00f3ra. Nad tarcz\u0105 umieszczona jest korona w formie barbakanu tr\u00f3j-bramowego koloru ceglastego. Elementy te na\u0142o\u017cone s\u0105 na kotwic\u0119 koloru ciemnoz\u0142otego z link\u0105. Wios\u0142a, kotwica i [&hellip;]<\/p>\n","protected":false},"author":1,"featured_media":0,"parent":0,"menu_order":0,"comment_status":"open","ping_status":"open","template":"","meta":{"_acf_changed":false,"footnotes":""},"class_list":["post-15632","page","type-page","status-publish","hentry"],"acf":[],"_links":{"self":[{"href":"https:\/\/wpserwis.cfolks.pl\/r2\/wp-json\/wp\/v2\/pages\/15632","targetHints":{"allow":["GET"]}}],"collection":[{"href":"https:\/\/wpserwis.cfolks.pl\/r2\/wp-json\/wp\/v2\/pages"}],"about":[{"href":"https:\/\/wpserwis.cfolks.pl\/r2\/wp-json\/wp\/v2\/types\/page"}],"author":[{"embeddable":true,"href":"https:\/\/wpserwis.cfolks.pl\/r2\/wp-json\/wp\/v2\/users\/1"}],"replies":[{"embeddable":true,"href":"https:\/\/wpserwis.cfolks.pl\/r2\/wp-json\/wp\/v2\/comments?post=15632"}],"version-history":[{"count":1,"href":"https:\/\/wpserwis.cfolks.pl\/r2\/wp-json\/wp\/v2\/pages\/15632\/revisions"}],"predecessor-version":[{"id":38086,"href":"https:\/\/wpserwis.cfolks.pl\/r2\/wp-json\/wp\/v2\/pages\/15632\/revisions\/38086"}],"wp:attachment":[{"href":"https:\/\/wpserwis.cfolks.pl\/r2\/wp-json\/wp\/v2\/media?parent=15632"}],"curies":[{"name":"wp","href":"https:\/\/api.w.org\/{rel}","templated":true}]}}

<h5>Godło</h5>
<p>Godło Towarzystwa nawiązuje do herbu m.st. Warszawy &#8211; syrena na czerwonej tarczy. Tarcza jest nałożona na dwa skrzyżowane wiosła w kolorze złotym z dwoma paskami niebieskimi na dolnej części pióra. Nad tarczą umieszczona jest korona w formie barbakanu trój-bramowego koloru ceglastego. Elementy te nałożone są na kotwicę koloru ciemnozłotego z linką. Wiosła, kotwica i tarcza herbowa pokrywają się miejscami środkowymi w centralnym punkcie. Po obu stronach tarczy herbowej od korony do ramion kotwicy zwisają faliście dwie szarfy w kolorze biało-niebieskim. W dole, poniżej ramion kotwicy umieszczone są cyfry 1878 w kolorze złotym.</p>
<h5>Flaga</h5>
<p>Flaga Towarzystwa jest zarazem banderą na jednostkach pływających, ma kształt prostokąta o proporcjach 5:8, białe tło z nałożonym krzyżem niebieskim, szerokości 1/10 długości flagi, dzielącym białe pole na cztery równe części. W górnym polu przy drzewcu jest umieszczone godło.</p>
<h5>Emblemat</h5>
<p>Emblematem Towarzystwa jest tarcza o stylizowanym kształcie. Tło białe z niebieską obwódką. W górnej części tarczy umieszczone są litery WTW w kolorze niebieskim. Część dolna jest podzielona na trzy pola, z których skrajne są niebieskie a środkowe białe.</p>

<p>Godło Godło Towarzystwa nawiązuje do herbu m.st. Warszawy &#8211; syrena na czerwonej tarczy. Tarcza jest nałożona na dwa skrzyżowane wiosła w kolorze złotym z dwoma paskami niebieskimi na dolnej części pióra. Nad tarczą umieszczona jest korona w formie barbakanu trój-bramowego koloru ceglastego. Elementy te nałożone są na kotwicę koloru ciemnozłotego z linką. Wiosła, kotwica i [&hellip;]</p>
