{"id":15640,"date":"2017-06-16T11:35:31","date_gmt":"2017-06-16T09:35:31","guid":{"rendered":"http:\/\/wtw1.home.pl\/www_wtwnowa\/?page_id=15640"},"modified":"2025-12-21T21:27:55","modified_gmt":"2025-12-21T20:27:55","slug":"medalisci","status":"publish","type":"page","link":"https:\/\/wpserwis.cfolks.pl\/r2\/medalisci\/","title":{"rendered":"Medali\u015bci"},"content":{"rendered":"<p>JOANNA HENTKA<\/p>\n<p style=\"text-align: center;\">Wychowanka Warszawskiego Towarzystwa Wio\u015blarskiego. Trenowa\u0142a wio\u015blarstwo od&nbsp; 2002 roku. W roku 2018 zako\u0144czy\u0142a karier\u0119 sportowca.<\/p>\n<p style=\"text-align: center;\"><strong>Br\u0105zowa medalistka Igrzysk Olimpijskich w Rio de Janeiro (W4x). <\/strong><\/p>\n<p style=\"text-align: center;\"><strong>Zwyci\u0119\u017cczyni cyklu Pucharu \u015awiata w 2016 roku (W4x).<\/strong><\/p>\n<p style=\"text-align: center;\">Br\u0105zowa medalistka Mistrzostw \u015awiata w Chungju (Korea Pd.) 2013 \u2013 W4x<\/p>\n<p style=\"text-align: center;\">Uczestniczka Igrzysk Olimpijskich w Londynie ( VIII miejsce). Dwudziestokrotna medalistka Mistrzostw Polski w tym 15 krotna Mistrzyni Polski w barwach WTW.<\/p>\n<p style=\"text-align: center;\">&nbsp;<\/p>\n<p>MARCIN BRZEZI\u0143SKI<\/p>\n<p style=\"text-align: center;\">Wychowanek Warszawskiego Towarzystwa Wio\u015blarskiego. Trenowa\u0142 wio\u015blarstwo od 1997 roku. W 2022r. zako\u0144czy\u0142 karier\u0119 sportowca. Aktualnie Wiceprezes Zarz\u0105du WTW.<\/p>\n<p style=\"text-align: center;\"><strong>MISTRZ \u015aWIATA Senior\u00f3w ( M4- 2019 rok)<\/strong><\/p>\n<p style=\"text-align: center;\">Br\u0105zowy medalista Mistrzostw \u015awiata (M8+ 2014 rok)<\/p>\n<p style=\"text-align: center;\"><strong>Czterokrotny uczestnik Igrzysk Olimpijskich: <\/strong>IO Pekin 2008 &#8211; V m-ce M8+ , IO Londyn 2012 &#8211; VII m-ce M8+ , IO RIO 2016 &#8211; V m-ce M8+ , IO Tokio VII m-ce M4-<\/p>\n<p style=\"text-align: center;\">Medalista Mistrzostw Europy Senior\u00f3w : trzykrotny z\u0142oty (2009,2011,2012 r) , dwa razy&nbsp; srebrny&nbsp; (2010,2019) oraz br\u0105zowy (2008).<\/p>\n<p>PIOTR P\u0141OMI\u0143SKI<\/p>\n<p style=\"text-align: center;\">Wychowanek Warszawskiego Towarzystwa Wio\u015blarskiego.<\/p>\n<p style=\"text-align: center;\">Trenuje wio\u015blarstwo od 2015 roku. Zwyci\u0119zca II i III edycji Wio\u015blarskiego Tytana Warszawy.<\/p>\n<p style=\"text-align: center;\">Br\u0105zowy medalista Mistrzostw Europy Senior\u00f3w (2025) &#8211; M4x<\/p>\n<p style=\"text-align: center;\">M\u0142odzie\u017cowy Mistrz \u015awiata 2023 (M1x), M\u0142odzie\u017cowy Mistrz Europy 2022 (M1x).<\/p>\n<p style=\"text-align: center;\">Najlepszy skiffista w Polsce, Mistrz Polski 2024 (M1x)<\/p>\n<p>KONRAD DOMA\u0143SKI<\/p>\n<p style=\"text-align: center;\">Wychowanek Warszawskiego Towarzystwa Wio\u015blarskiego.<\/p>\n<p style=\"text-align: center;\">Trenuje wio\u015blarstwo od&nbsp; 2016 roku.<\/p>\n<p style=\"text-align: center;\">Br\u0105zowy medalista Mistrzostw Europy Senior\u00f3w (2025) &#8211; M4x<\/p>\n<p style=\"text-align: center;\">2024 &#8211; M\u0142odzie\u017cowy Mistrz \u015awiata i Europy (M2x)<\/p>\n<p style=\"text-align: center;\">2023 &#8211; M\u0142odzie\u017cowy Wicemistrz \u015awiata (M2x))<\/p>\n<p style=\"text-align: center;\">Wielokrotny Mistrz Polski<\/p>\n<p style=\"text-align: center;\"><strong>&nbsp;<\/strong><\/p>\n<p>JOANNA DOROCIAK<\/p>\n<p style=\"text-align: center;\">Wychowanka Warszawskiego Towarzystwa Wio\u015blarskiego.<\/p>\n<p style=\"text-align: center;\">Trenowa\u0142a wio\u015blarstwo w latach 2005 &#8211; 2019. Aktualnie Cz\u0142onek Zarz\u0105du WTW.<\/p>\n<p style=\"text-align: center;\">Uczestniczka Mistrzostw \u015awiata Junior\u00f3w, M\u0142odzie\u017cowych&nbsp; Mistrzostw \u015awiata oraz Akademickich Mistrzostw \u015awiata.<\/p>\n<p style=\"text-align: center;\">Wielokrotna Mistrzyni i medalistka Mistrzostw Polski w brawach WTW.&nbsp;<\/p>\n<p style=\"text-align: center;\">W 2016 zosta\u0142a br\u0105zow\u0105 medalistk\u0105 Mistrzostw Europy. Uzyska\u0142a kwalifikacj\u0119 na IO w RIO ( z powodu kontuzji nie wzi\u0119\u0142a udzia\u0142u).<\/p>\n<p>SYLWIA KOCERKA<\/p>\n<p style=\"text-align: center;\">Trenowa\u0142a wio\u015blarstwo w WTW do roku 2015 i zako\u0144czy\u0142a karier\u0119.<\/p>\n<p style=\"text-align: center;\">Br\u0105zowa medalistka Mistrzostw \u015awiata w Chungju (Korea Pd.) 2013 \u2013 W4x<\/p>\n<p style=\"text-align: center;\">Uczestniczka Igrzysk Olimpijskich w Londynie W 2012 r. \u2013 VIII miejsce.<br \/>\nDwukrotna V-ce Mistrzyni Europy w roku 2011 i 2012.<br \/>\nRezerwowa zawodniczka na Igrzyskach Olimpijskich w Rio de Janeiro.<\/p>\n<p>AGNIESZKA RENC<\/p>\n<p style=\"text-align: center;\">Wychowanka Warszawskiego Towarzystwa Wio\u015blarskiego. Trenowa\u0142a wio\u015blarstwo od 1999 roku.<\/p>\n<p style=\"text-align: center;\">V-ce Mistrzyni \u015awiata Senior\u00f3w w 2009 roku. Dwukrotna V-ce Mistrzyni Europy w 2009 i 2010 roku oraz Mistrzyni \u015awiata w 2012 roku.<\/p>\n<p style=\"text-align: center;\">Dwunastokrotnie zdoby\u0142a tytu\u0142 Mistrzyni Polski w barwach WTW.<\/p>\n<p style=\"text-align: center;\">Studentka ostatniego roku studi\u00f3w magisterskich w Szkole G\u0142\u00f3wnej Gospodarstwa Wiejskiego na Wydziale Rolnictwa i Biologii.<\/p>\n<p>KAMILA SO\u0106KO-W\u0141ODEK<\/p>\n<p style=\"text-align: center;\">Uko\u0144czy\u0142a studia na Politechnice Warszawskiej na kierunku Ochrony \u015arodowiska.<\/p>\n<p style=\"text-align: center;\">Br\u0105zowa medalistka M\u0142odzie\u017cowych Mistrzostw \u015awiata w konkurencji dw\u00f3jki podw\u00f3jnej;<\/p>\n<p style=\"text-align: center;\">Srebrna i br\u0105zowa medalistka M\u0142odzie\u017cowych Mistrzostw \u015awiata W8x ( 2008 i 2009);<\/p>\n<p style=\"text-align: center;\">Wicemistrzyni Europy Senior\u00f3w W4x ( 2012);<\/p>\n<p style=\"text-align: center;\">VIII m-ce W4x ( IO Londyn 2012).<\/p>\n<p style=\"text-align: center;\">W Plebiscycie na Najlepszego Sportowca Warszawy w 2012 roku zaj\u0119\u0142a VIII miejsce.<\/p>\n<p style=\"text-align: center;\">Dwudziestokrotna medalistka Mistrzostw Polski w tym szesnastokrotna Mistrzyni Polski.<\/p>\n<p style=\"text-align: center;\">W roku 2013 zako\u0144czy\u0142a karier\u0119.<\/p>\n<p>WERONIKA DERESZ<\/p>\n<p style=\"text-align: center;\">Wychowanka Warszawskiego Towarzystwa Wio\u015blarskiego. Trenowa\u0142a&nbsp; wio\u015blarstwo w WTW w latach 1998 &#8211; 2018.<\/p>\n<p style=\"text-align: center;\">W roku 2016 na Igrzyskach Olimpijskich w Rio de Janeiro zaj\u0119\u0142a VII miejsce (LW2x).<\/p>\n<p style=\"text-align: center;\">Sze\u015bciokrotna medalistka Mistrzostw \u015awiata. W roku 2007 M\u0142odzie\u017cowa Mistrzyni \u015awiata, 2009 V-ce Mistrzyni \u015awiata Senior\u00f3w. 2010 Akademicka Mistrzyni \u015awiata, 2012 Mistrzyni \u015awiata Senior\u00f3w.&nbsp; Dwudziestokrotnie zdoby\u0142a tytu\u0142&nbsp;&nbsp; Mistrzyni Polski w barwach WTW..<\/p>\n","protected":false},"excerpt":{"rendered":"<p>JOANNA HENTKA Wychowanka Warszawskiego Towarzystwa Wio\u015blarskiego. Trenowa\u0142a wio\u015blarstwo od&nbsp; 2002 roku. W roku 2018 zako\u0144czy\u0142a karier\u0119 sportowca. Br\u0105zowa medalistka Igrzysk Olimpijskich w Rio de Janeiro (W4x). Zwyci\u0119\u017cczyni cyklu Pucharu \u015awiata w 2016 roku (W4x). Br\u0105zowa medalistka Mistrzostw \u015awiata w Chungju (Korea Pd.) 2013 \u2013 W4x Uczestniczka Igrzysk Olimpijskich w Londynie ( VIII miejsce). Dwudziestokrotna medalistka [&hellip;]<\/p>\n","protected":false},"author":1,"featured_media":0,"parent":0,"menu_order":0,"comment_status":"closed","ping_status":"closed","template":"","meta":{"_acf_changed":false,"footnotes":""},"class_list":["post-15640","page","type-page","status-publish","hentry"],"acf":[],"_links":{"self":[{"href":"https:\/\/wpserwis.cfolks.pl\/r2\/wp-json\/wp\/v2\/pages\/15640","targetHints":{"allow":["GET"]}}],"collection":[{"href":"https:\/\/wpserwis.cfolks.pl\/r2\/wp-json\/wp\/v2\/pages"}],"about":[{"href":"https:\/\/wpserwis.cfolks.pl\/r2\/wp-json\/wp\/v2\/types\/page"}],"author":[{"embeddable":true,"href":"https:\/\/wpserwis.cfolks.pl\/r2\/wp-json\/wp\/v2\/users\/1"}],"replies":[{"embeddable":true,"href":"https:\/\/wpserwis.cfolks.pl\/r2\/wp-json\/wp\/v2\/comments?post=15640"}],"version-history":[{"count":2,"href":"https:\/\/wpserwis.cfolks.pl\/r2\/wp-json\/wp\/v2\/pages\/15640\/revisions"}],"predecessor-version":[{"id":38124,"href":"https:\/\/wpserwis.cfolks.pl\/r2\/wp-json\/wp\/v2\/pages\/15640\/revisions\/38124"}],"wp:attachment":[{"href":"https:\/\/wpserwis.cfolks.pl\/r2\/wp-json\/wp\/v2\/media?parent=15640"}],"curies":[{"name":"wp","href":"https:\/\/api.w.org\/{rel}","templated":true}]}}

Medaliści

<p>JOANNA HENTKA</p>
<p style="text-align: center;">Wychowanka Warszawskiego Towarzystwa Wioślarskiego. Trenowała wioślarstwo od&nbsp; 2002 roku. W roku 2018 zakończyła karierę sportowca.</p>
<p style="text-align: center;"><strong>Brązowa medalistka Igrzysk Olimpijskich w Rio de Janeiro (W4x). </strong></p>
<p style="text-align: center;"><strong>Zwyciężczyni cyklu Pucharu Świata w 2016 roku (W4x).</strong></p>
<p style="text-align: center;">Brązowa medalistka Mistrzostw Świata w Chungju (Korea Pd.) 2013 – W4x</p>
<p style="text-align: center;">Uczestniczka Igrzysk Olimpijskich w Londynie ( VIII miejsce). Dwudziestokrotna medalistka Mistrzostw Polski w tym 15 krotna Mistrzyni Polski w barwach WTW.</p>
<p style="text-align: center;">&nbsp;</p>
<p>MARCIN BRZEZIŃSKI</p>
<p style="text-align: center;">Wychowanek Warszawskiego Towarzystwa Wioślarskiego. Trenował wioślarstwo od 1997 roku. W 2022r. zakończył karierę sportowca. Aktualnie Wiceprezes Zarządu WTW.</p>
<p style="text-align: center;"><strong>MISTRZ ŚWIATA Seniorów ( M4- 2019 rok)</strong></p>
<p style="text-align: center;">Brązowy medalista Mistrzostw Świata (M8+ 2014 rok)</p>
<p style="text-align: center;"><strong>Czterokrotny uczestnik Igrzysk Olimpijskich: </strong>IO Pekin 2008 &#8211; V m-ce M8+ , IO Londyn 2012 &#8211; VII m-ce M8+ , IO RIO 2016 &#8211; V m-ce M8+ , IO Tokio VII m-ce M4-</p>
<p style="text-align: center;">Medalista Mistrzostw Europy Seniorów : trzykrotny złoty (2009,2011,2012 r) , dwa razy&nbsp; srebrny&nbsp; (2010,2019) oraz brązowy (2008).</p>
<p>PIOTR PŁOMIŃSKI</p>
<p style="text-align: center;">Wychowanek Warszawskiego Towarzystwa Wioślarskiego.</p>
<p style="text-align: center;">Trenuje wioślarstwo od 2015 roku. Zwycięzca II i III edycji Wioślarskiego Tytana Warszawy.</p>
<p style="text-align: center;">Brązowy medalista Mistrzostw Europy Seniorów (2025) &#8211; M4x</p>
<p style="text-align: center;">Młodzieżowy Mistrz Świata 2023 (M1x), Młodzieżowy Mistrz Europy 2022 (M1x).</p>
<p style="text-align: center;">Najlepszy skiffista w Polsce, Mistrz Polski 2024 (M1x)</p>
<p>KONRAD DOMAŃSKI</p>
<p style="text-align: center;">Wychowanek Warszawskiego Towarzystwa Wioślarskiego.</p>
<p style="text-align: center;">Trenuje wioślarstwo od&nbsp; 2016 roku.</p>
<p style="text-align: center;">Brązowy medalista Mistrzostw Europy Seniorów (2025) &#8211; M4x</p>
<p style="text-align: center;">2024 &#8211; Młodzieżowy Mistrz Świata i Europy (M2x)</p>
<p style="text-align: center;">2023 &#8211; Młodzieżowy Wicemistrz Świata (M2x))</p>
<p style="text-align: center;">Wielokrotny Mistrz Polski</p>
<p style="text-align: center;"><strong>&nbsp;</strong></p>
<p>JOANNA DOROCIAK</p>
<p style="text-align: center;">Wychowanka Warszawskiego Towarzystwa Wioślarskiego.</p>
<p style="text-align: center;">Trenowała wioślarstwo w latach 2005 &#8211; 2019. Aktualnie Członek Zarządu WTW.</p>
<p style="text-align: center;">Uczestniczka Mistrzostw Świata Juniorów, Młodzieżowych&nbsp; Mistrzostw Świata oraz Akademickich Mistrzostw Świata.</p>
<p style="text-align: center;">Wielokrotna Mistrzyni i medalistka Mistrzostw Polski w brawach WTW.&nbsp;</p>
<p style="text-align: center;">W 2016 została brązową medalistką Mistrzostw Europy. Uzyskała kwalifikację na IO w RIO ( z powodu kontuzji nie wzięła udziału).</p>
<p>SYLWIA KOCERKA</p>
<p style="text-align: center;">Trenowała wioślarstwo w WTW do roku 2015 i zakończyła karierę.</p>
<p style="text-align: center;">Brązowa medalistka Mistrzostw Świata w Chungju (Korea Pd.) 2013 – W4x</p>
<p style="text-align: center;">Uczestniczka Igrzysk Olimpijskich w Londynie W 2012 r. – VIII miejsce.<br />
Dwukrotna V-ce Mistrzyni Europy w roku 2011 i 2012.<br />
Rezerwowa zawodniczka na Igrzyskach Olimpijskich w Rio de Janeiro.</p>
<p>AGNIESZKA RENC</p>
<p style="text-align: center;">Wychowanka Warszawskiego Towarzystwa Wioślarskiego. Trenowała wioślarstwo od 1999 roku.</p>
<p style="text-align: center;">V-ce Mistrzyni Świata Seniorów w 2009 roku. Dwukrotna V-ce Mistrzyni Europy w 2009 i 2010 roku oraz Mistrzyni Świata w 2012 roku.</p>
<p style="text-align: center;">Dwunastokrotnie zdobyła tytuł Mistrzyni Polski w barwach WTW.</p>
<p style="text-align: center;">Studentka ostatniego roku studiów magisterskich w Szkole Głównej Gospodarstwa Wiejskiego na Wydziale Rolnictwa i Biologii.</p>
<p>KAMILA SOĆKO-WŁODEK</p>
<p style="text-align: center;">Ukończyła studia na Politechnice Warszawskiej na kierunku Ochrony Środowiska.</p>
<p style="text-align: center;">Brązowa medalistka Młodzieżowych Mistrzostw Świata w konkurencji dwójki podwójnej;</p>
<p style="text-align: center;">Srebrna i brązowa medalistka Młodzieżowych Mistrzostw Świata W8x ( 2008 i 2009);</p>
<p style="text-align: center;">Wicemistrzyni Europy Seniorów W4x ( 2012);</p>
<p style="text-align: center;">VIII m-ce W4x ( IO Londyn 2012).</p>
<p style="text-align: center;">W Plebiscycie na Najlepszego Sportowca Warszawy w 2012 roku zajęła VIII miejsce.</p>
<p style="text-align: center;">Dwudziestokrotna medalistka Mistrzostw Polski w tym szesnastokrotna Mistrzyni Polski.</p>
<p style="text-align: center;">W roku 2013 zakończyła karierę.</p>
<p>WERONIKA DERESZ</p>
<p style="text-align: center;">Wychowanka Warszawskiego Towarzystwa Wioślarskiego. Trenowała&nbsp; wioślarstwo w WTW w latach 1998 &#8211; 2018.</p>
<p style="text-align: center;">W roku 2016 na Igrzyskach Olimpijskich w Rio de Janeiro zajęła VII miejsce (LW2x).</p>
<p style="text-align: center;">Sześciokrotna medalistka Mistrzostw Świata. W roku 2007 Młodzieżowa Mistrzyni Świata, 2009 V-ce Mistrzyni Świata Seniorów. 2010 Akademicka Mistrzyni Świata, 2012 Mistrzyni Świata Seniorów.&nbsp; Dwudziestokrotnie zdobyła tytuł&nbsp;&nbsp; Mistrzyni Polski w barwach WTW..</p>

<p>JOANNA HENTKA Wychowanka Warszawskiego Towarzystwa Wioślarskiego. Trenowała wioślarstwo od&nbsp; 2002 roku. W roku 2018 zakończyła karierę sportowca. Brązowa medalistka Igrzysk Olimpijskich w Rio de Janeiro (W4x). Zwyciężczyni cyklu Pucharu Świata w 2016 roku (W4x). Brązowa medalistka Mistrzostw Świata w Chungju (Korea Pd.) 2013 – W4x Uczestniczka Igrzysk Olimpijskich w Londynie ( VIII miejsce). Dwudziestokrotna medalistka [&hellip;]</p>
