{"id":18904,"date":"2017-09-27T01:56:34","date_gmt":"2017-09-26T23:56:34","guid":{"rendered":"http:\/\/www.wtw.waw.pl\/?page_id=18904"},"modified":"2025-12-20T20:43:43","modified_gmt":"2025-12-20T19:43:43","slug":"sekcja-turystyki-wioslarskiej","status":"publish","type":"page","link":"https:\/\/wpserwis.cfolks.pl\/r2\/sekcja-turystyki-wioslarskiej\/","title":{"rendered":"Sekcja Turystyki Wio\u015blarskiej (STW)"},"content":{"rendered":"<p>Sekcja Turystyki Wio\u015blarskiej Warszawskiego Towarzystwa Wio\u015blarskiego zrzesza mi\u0142o\u015bnik\u00f3w i pasjonat\u00f3w wio\u015blarstwa.<\/p>\n<p>STW dzia\u0142a w oparciu o <a href=\"https:\/\/wpserwis.cfolks.pl\/r2\/wp-content\/uploads\/2020\/02\/STATUT-WTW.pdf\">Statut Towarzystwa<\/a>, Regulaminy Towarzystwa, Regulamin Sekcji.<\/p>\n<p>[\/vc_column_text][vc_empty_space][vc_empty_space][vc_empty_space][\/vc_column][\/vc_row][vc_row css_animation=&#8221;&#8221; row_type=&#8221;row&#8221; use_row_as_full_screen_section=&#8221;no&#8221; type=&#8221;full_width&#8221; angled_section=&#8221;no&#8221; text_align=&#8221;left&#8221; background_image_as_pattern=&#8221;without_pattern&#8221;][vc_column width=&#8221;1\/4&#8243;][button size=&#8221;big_large_full_width&#8221; style=&#8221;white&#8221; target=&#8221;_self&#8221; hover_type=&#8221;default&#8221; text=&#8221;OFERTA&#8221; icon_color=&#8221;#02c4ff&#8221; link=&#8221;https:\/\/wpserwis.cfolks.pl\/r2\/wioslarstwo-treningi-2\/%22][\/vc_column][vc_column width=&#8221;1\/4&#8243;][button size=&#8221;big_large_full_width&#8221; style=&#8221;white&#8221; target=&#8221;_self&#8221; hover_type=&#8221;default&#8221; text=&#8221;KALENDARZ&#8221; link=&#8221;https:\/\/app.wtw.waw.pl\/pl\/grafik-treningow&#8221;][\/vc_column][vc_column width=&#8221;1\/4&#8243;][button size=&#8221;big_large_full_width&#8221; style=&#8221;white&#8221; target=&#8221;_self&#8221; hover_type=&#8221;default&#8221; text=&#8221;TRENERZY&#8221; link=&#8221;https:\/\/wpserwis.cfolks.pl\/r2\/oferta-dla-firm\/trenerzy\/%22][\/vc_column][vc_column width=&#8221;1\/4&#8243;][button size=&#8221;big_large_full_width&#8221; style=&#8221;white&#8221; target=&#8221;_self&#8221; hover_type=&#8221;default&#8221; text=&#8221;CZ\u0141ONKOSTWO&#8221; link=&#8221;https:\/\/wpserwis.cfolks.pl\/r2\/wioslarstwo-czlonkostwo\/%22][\/vc_column][\/vc_row][vc_row css_animation=&#8221;&#8221; row_type=&#8221;row&#8221; use_row_as_full_screen_section=&#8221;no&#8221; type=&#8221;full_width&#8221; angled_section=&#8221;no&#8221; text_align=&#8221;left&#8221; background_image_as_pattern=&#8221;without_pattern&#8221;][vc_column][vc_empty_space][vc_empty_space][vc_empty_space][vc_empty_space][vc_empty_space][vc_text_separator title=&#8221;W\u0141ADZE STW&#8221; border=&#8221;no&#8221;][vc_empty_space][vc_empty_space][vc_column_text]<\/p>\n<ul>\n<li><strong>Kierownik\u00a0 &#8211; druhna Joanna Dorociak<br \/>\n<\/strong><\/li>\n<li><strong>Z-ca Kierownika\u00a0 &#8211;\u00a0 druhna Agnieszka Wulczy\u0144ska\u00a0 <\/strong><\/li>\n<li><strong>Sekretarz\/Skarbnik &#8211; druh Konrad Siwek<br \/>\n<\/strong><\/li>\n<li><strong>Pe\u0142nomocnik ds. organizacyjnych oraz spraw zawodnik\u00f3w &#8211; druh Miko\u0142aj Kot<\/strong><br \/>\n<strong><br \/>\n<\/strong><\/li>\n<\/ul>\n<p>&nbsp;<\/p>\n<p>W\u0142adze STW s\u0105 wybierane spo\u015br\u00f3d cz\u0142onk\u00f3w sekcji i podlegaj\u0105 Zarz\u0105dowi WTW. Siedzib\u0105 STW jest O\u015brodek Sport\u00f3w Wodnych przy ul. Zaruskiego 12 w Warszawie. Plan pracy sekcji obejmuje wykaz dzia\u0142a\u0144 podejmowanych grupowo lub indywidualnie przez cz\u0142onk\u00f3w STW w zakresie uczestnictwa i zorganizowania:<\/p>\n<ul>\n<li>szkole\u0144\u00a0 i trening\u00f3w wio\u015blarskich<\/li>\n<li>regat<\/li>\n<li>imprez towarzyskich<\/li>\n<li>prac spo\u0142ecznych itp.<\/li>\n<\/ul>\n<p>Cz\u0142onkiem Sekcji Turystyki Wio\u015blarskiej Warszawskiego Towarzystwa Wio\u015blarskiego mo\u017ce zosta\u0107 ka\u017cda osoba pe\u0142noletnia spe\u0142niaj\u0105ca nast\u0119puj\u0105ce warunki:<\/p>\n<ul>\n<li>zg\u0142oszenie deklaracji kandydata<\/li>\n<li>uzyskanie podpis\u00f3w dw\u00f3ch cz\u0142onk\u00f3w wprowadzaj\u0105cych<\/li>\n<li>uzyskanie akceptacji komandora STW<\/li>\n<li>uzyskanie akceptacji Zarz\u0105du Towarzystwa<\/li>\n<li>wp\u0142ata wpisowego<\/li>\n<li>odbycie rocznego sta\u017cu kandydackiego (udzia\u0142 w zebraniach, pracach sekcji, imprezach organizowanych przez STW lub WTW)<\/li>\n<\/ul>\n<p>Po odbyciu sta\u017cu, dzia\u0142alno\u015b\u0107 kandydata oceniana jest przez Kierownictwo Sekcji i w przypadku oceny pozytywnej Kierownik STW zg\u0142asza kandydata do Zarz\u0105du WTW w celu przyj\u0119cia go w poczet cz\u0142onk\u00f3w. Pozytywn\u0105 decyzj\u0105 Zarz\u0105du WTW stajesz si\u0119 Cz\u0142onkiem Zwyczajnym Towarzystwa, a dokumenty cz\u0142onkowskie wr\u0119czone Ci zostan\u0105 na uroczysto\u015bci otwarcia lub zamkni\u0119cia sezonu WTW.<\/p>\n<div class=\"row\">\n<div class=\"col-md-6\"><div class=\"video-container mb-5\">\n                <iframe \n                    src=\"https:\/\/www.youtube.com\/embed\/k49Eg4Ro0mM\" \n                    title=\"YouTube video player\" \n                    frameborder=\"0\" \n                    allow=\"accelerometer; autoplay; clipboard-write; encrypted-media; gyroscope; picture-in-picture\" \n                    allowfullscreen>\n                <\/iframe>\n            <\/div><\/div>\n<div class=\"col-md-6\"><div class=\"video-container mb-5\">\n                <iframe \n                    src=\"https:\/\/www.youtube.com\/embed\/DtfuTAxK694\" \n                    title=\"YouTube video player\" \n                    frameborder=\"0\" \n                    allow=\"accelerometer; autoplay; clipboard-write; encrypted-media; gyroscope; picture-in-picture\" \n                    allowfullscreen>\n                <\/iframe>\n            <\/div><\/div>\n<\/div>\n","protected":false},"excerpt":{"rendered":"<p>Sekcja Turystyki Wio\u015blarskiej Warszawskiego Towarzystwa Wio\u015blarskiego zrzesza mi\u0142o\u015bnik\u00f3w i pasjonat\u00f3w wio\u015blarstwa. STW dzia\u0142a w oparciu o Statut Towarzystwa, Regulaminy Towarzystwa, Regulamin Sekcji. [\/vc_column_text][vc_empty_space][vc_empty_space][vc_empty_space][\/vc_column][\/vc_row][vc_row css_animation=&#8221;&#8221; row_type=&#8221;row&#8221; use_row_as_full_screen_section=&#8221;no&#8221; type=&#8221;full_width&#8221; angled_section=&#8221;no&#8221; text_align=&#8221;left&#8221; background_image_as_pattern=&#8221;without_pattern&#8221;][vc_column width=&#8221;1\/4&#8243;][button size=&#8221;big_large_full_width&#8221; style=&#8221;white&#8221; target=&#8221;_self&#8221; hover_type=&#8221;default&#8221; text=&#8221;OFERTA&#8221; icon_color=&#8221;#02c4ff&#8221; link=&#8221;https:\/\/wpserwis.cfolks.pl\/r2\/wioslarstwo-treningi-2\/%22][\/vc_column][vc_column width=&#8221;1\/4&#8243;][button size=&#8221;big_large_full_width&#8221; style=&#8221;white&#8221; target=&#8221;_self&#8221; hover_type=&#8221;default&#8221; text=&#8221;KALENDARZ&#8221; link=&#8221;https:\/\/app.wtw.waw.pl\/pl\/grafik-treningow&#8221;][\/vc_column][vc_column width=&#8221;1\/4&#8243;][button size=&#8221;big_large_full_width&#8221; style=&#8221;white&#8221; target=&#8221;_self&#8221; hover_type=&#8221;default&#8221; text=&#8221;TRENERZY&#8221; link=&#8221;https:\/\/wpserwis.cfolks.pl\/r2\/oferta-dla-firm\/trenerzy\/%22][\/vc_column][vc_column width=&#8221;1\/4&#8243;][button size=&#8221;big_large_full_width&#8221; style=&#8221;white&#8221; [&hellip;]<\/p>\n","protected":false},"author":1,"featured_media":38046,"parent":0,"menu_order":0,"comment_status":"closed","ping_status":"closed","template":"","meta":{"_acf_changed":false,"footnotes":""},"class_list":["post-18904","page","type-page","status-publish","has-post-thumbnail","hentry"],"acf":[],"_links":{"self":[{"href":"https:\/\/wpserwis.cfolks.pl\/r2\/wp-json\/wp\/v2\/pages\/18904","targetHints":{"allow":["GET"]}}],"collection":[{"href":"https:\/\/wpserwis.cfolks.pl\/r2\/wp-json\/wp\/v2\/pages"}],"about":[{"href":"https:\/\/wpserwis.cfolks.pl\/r2\/wp-json\/wp\/v2\/types\/page"}],"author":[{"embeddable":true,"href":"https:\/\/wpserwis.cfolks.pl\/r2\/wp-json\/wp\/v2\/users\/1"}],"replies":[{"embeddable":true,"href":"https:\/\/wpserwis.cfolks.pl\/r2\/wp-json\/wp\/v2\/comments?post=18904"}],"version-history":[{"count":6,"href":"https:\/\/wpserwis.cfolks.pl\/r2\/wp-json\/wp\/v2\/pages\/18904\/revisions"}],"predecessor-version":[{"id":38045,"href":"https:\/\/wpserwis.cfolks.pl\/r2\/wp-json\/wp\/v2\/pages\/18904\/revisions\/38045"}],"wp:featuredmedia":[{"embeddable":true,"href":"https:\/\/wpserwis.cfolks.pl\/r2\/wp-json\/wp\/v2\/media\/38046"}],"wp:attachment":[{"href":"https:\/\/wpserwis.cfolks.pl\/r2\/wp-json\/wp\/v2\/media?parent=18904"}],"curies":[{"name":"wp","href":"https:\/\/api.w.org\/{rel}","templated":true}]}}