{"id":32153,"date":"2017-09-26T19:11:28","date_gmt":"2017-09-26T17:11:28","guid":{"rendered":"http:\/\/www.wtw.waw.pl\/?page_id=18884"},"modified":"2017-09-26T19:11:28","modified_gmt":"2017-09-26T17:11:28","slug":"wioslarstwo-obozy","status":"publish","type":"page","link":"https:\/\/wpserwis.cfolks.pl\/r2\/wioslarstwo-obozy\/","title":{"rendered":"Wio\u015blarstwo &#8211; nab\u00f3r"},"content":{"rendered":"<p>[vc_row css_animation=&#8221;&#8221; row_type=&#8221;row&#8221; use_row_as_full_screen_section=&#8221;no&#8221; type=&#8221;full_width&#8221; angled_section=&#8221;no&#8221; text_align=&#8221;left&#8221; background_image_as_pattern=&#8221;without_pattern&#8221;][vc_column width=&#8221;1\/2&#8243;][vc_column_text]Sekcja Regatowa Wio\u015blarska Warszawskiego Towarzystwa Wio\u015blarskiego, zaprasza dziewcz\u0119ta i ch\u0142opc\u00f3w&nbsp; w wieku 10 \u2013 16 lat na zaj\u0119cia sportowe. Dla zawodnik\u00f3w organizujemy zgrupowania zimowe, wiosenne i letnie. Uczestniczymy w zawodach&nbsp; wojew\u00f3dzkich i og\u00f3lnopolskich w wio\u015blarstwie.<\/p>\n<p>&nbsp;<\/p>\n<p><strong>W ramach zaj\u0119\u0107 oferujemy:<\/strong><\/p>\n<ul>\n<li>najnowocze\u015bniejsz\u0105 baz\u0119 treningow\u0105 w Polsce (<a href=\"https:\/\/www.wtw.waw.pl\/przystan-wioslarska\/\"><strong> ul. Wio\u015blarska 6<\/strong>)&nbsp;<\/a><\/li>\n<li>nauk\u0119 wios\u0142owania na basenie wio\u015blarskim (zima) oraz na \u0142odziach wio\u015blarskich (wiosna\/lato)<\/li>\n<li>pe\u0142ne wyposa\u017cenie sprz\u0119towe: wios\u0142a i \u0142odzie wio\u015blarskie<\/li>\n<li>zaj\u0119cia og\u00f3lnorozwojowe w terenie, na sali gimnastycznej, w basenie p\u0142ywackim<\/li>\n<li>zaj\u0119cia na si\u0142owni i ergometrach wio\u015blarskich<\/li>\n<li>sauny<\/li>\n<li>wykwalifikowan\u0105 kadr\u0119 trenersk\u0105<\/li>\n<li>zawody sportowe i obozy (wiosenny i letni &#8211; lipiec)<\/li>\n<li>ubezpieczenie i pe\u0142ne zabezpieczenie zaj\u0119\u0107 na wodzie<\/li>\n<li>przygod\u0119 i dobr\u0105 zabaw\u0119<\/li>\n<\/ul>\n<p>&nbsp;<\/p>\n<p><strong>Miejsce trening\u00f3w:<\/strong><\/p>\n<p><a href=\"https:\/\/wpserwis.cfolks.pl\/r2\/przystan-wioslarska\/\">O\u015aRODEK SPORT\u00d3W WODNYCH WTW ul. Wio\u015blarska 6<\/a><\/p>\n<p><a href=\"https:\/\/wpserwis.cfolks.pl\/r2\/przystan-zaruskiego\/\">O\u015aRODEK SPORT\u00d3W WODNYCH WTW ul. Zaruskiego 12 (Cypel Czerniakowski)<\/a><\/p>\n<p>*listopad \u2013 marzec: obiekty zewn\u0119trzne wg ustalonego harmonogramu (basen, hala sportowa)<\/p>\n<p>&nbsp;<\/p>\n<p>&nbsp;<\/p>\n<p>&nbsp;<\/p>\n<p>&nbsp;<\/p>\n<p>Treningi:<\/p>\n<p>&nbsp;wtorek (Wio\u015blarska 6), czwartek, pi\u0105tek godz. 16:00 &#8211; 18:00&nbsp;<\/p>\n<p>sobota: 10;00 &#8211; 12:00<\/p>\n<p>miejsce:<\/p>\n<ul>\n<li>Wio\u015blarska 6 (jesie\u0144\/zima)<\/li>\n<li>Zaruskiego 12 (wiosna\/lato)<\/li>\n<\/ul>\n<p>\u00a0<\/p>\n<p>\u00a0<\/p>\n<p>\u00a0<\/p>\n<p>.[\/vc_column_text][\/vc_column][vc_column width=&quot;1\/2&quot;][vc_single_image image=&quot;35714&quot; img_size=&quot;full&quot; onclick=&quot;custom_link&quot; qode_css_animation=&quot;&quot; link=&quot;https:\/\/wpserwis.cfolks.pl\/r2\/zapisy\/%22][\/vc_column][\/vc_row][vc_row css_animation=&quot;&quot; row_type=&quot;row&quot; use_row_as_full_screen_section=&quot;no&quot; type=&quot;full_width&quot; angled_section=&quot;no&quot; text_align=&quot;left&quot; background_image_as_pattern=&quot;without_pattern&quot;][vc_column][vc_empty_space][vc_empty_space][vc_separator type=&quot;normal&quot;][vc_empty_space][vc_empty_space][\/vc_column][\/vc_row][vc_row css_animation=&quot;&quot; row_type=&quot;row&quot; use_row_as_full_screen_section=&quot;no&quot; type=&quot;full_width&quot; angled_section=&quot;no&quot; text_align=&quot;left&quot; background_image_as_pattern=&quot;without_pattern&quot;][vc_column width=&quot;1\/2&quot;][vc_column_text][button size=&apos;&apos; style=&apos;&apos; text=&apos;TRENINGI I TRENERZY&apos; icon=&apos;&apos; icon_color=&apos;&apos; link=&apos;https:\/\/wpserwis.cfolks.pl\/r2\/wioslarstwo-treningi\/&apos; target=&apos;_self&apos; color=&apos;&apos; hover_color=&apos;&apos; border_color=&apos;&apos; hover_border_color=&apos;&apos; background_color=&apos;&apos; hover_background_color=&apos;&apos; font_style=&apos;&apos; font_weight=&apos;&apos; text_align=&apos;&apos; margin=&apos;&apos;]<\/p>\n<p>\u00a0<\/p>\n<p>\u00a0<\/p>\n<p>[button size=&apos;&apos; style=&apos;&apos; text=&apos;DEKLARACJA JUNIOR &#8211; POBIERZ&apos; icon=&apos;&apos; icon_color=&apos;&apos; link=&apos;https:\/\/wpserwis.cfolks.pl\/r2\/wp-content\/uploads\/2024\/02\/Deklaracja-JUNIOR-1.pdf&apos; target=&apos;_self&apos; color=&apos;&apos; hover_color=&apos;&apos; border_color=&apos;&apos; hover_border_color=&apos;&apos; background_color=&apos;&apos; hover_background_color=&apos;&apos; font_style=&apos;&apos; font_weight=&apos;&apos; text_align=&apos;&apos; margin=&apos;&apos;]<\/p>\n<p>\u00a0<\/p>\n<p>\u00a0<\/p>\n<p><strong>OP\u0141ATY :<\/strong><\/p>\n<p>&nbsp;<\/p>\n<p>miesi\u0119czna sk\u0142adka cz\u0142onkowska dla zawodnik\u00f3w trenuj\u0105cych <strong>40 z\u0142<br \/>\n<\/strong>miesi\u0119czna sk\u0142adka cz\u0142onkowska dla zawodnik\u00f3w nietrenuj\u0105cych (d\u0142u\u017cej ni\u017c 3 miesi\u0105ce) <strong>120 z\u0142<\/strong><\/p>\n<p>&nbsp;<\/p>\n<p>&nbsp;<\/p>\n<p>miesi\u0119czna op\u0142ata treningowa wynosi:<\/p>\n<p><strong>220 z\u0142<\/strong> (<strong>+ 40 z\u0142 op\u0142ata cz\u0142onkowska<\/strong>) \u2013 m\u0142odzik \/ grupa naborowa (13-14 lat)<\/p>\n<p><strong>220 z\u0142<\/strong> (<strong>+ 40 z\u0142 op\u0142ata cz\u0142onkowska<\/strong>) \u2013 junior m\u0142odszy (15-16 lat)<\/p>\n<p><strong>150 z\u0142<\/strong> (<strong>+ 40 z\u0142 op\u0142ata cz\u0142onkowska<\/strong>) \u2013 junior (17-18 lat)<\/p>\n<p><strong>80 z\u0142<\/strong> (<strong>+ 40 z\u0142 op\u0142ata cz\u0142onkowska<\/strong>) \u2013 m\u0142odzie\u017cowiec (19-22 lata)<\/p>\n<p><strong>80 z\u0142<\/strong> (<strong>+ 60 z\u0142 op\u0142ata cz\u0142onkowska<\/strong>) \u2013 senior (&gt;23 lat)<\/p>\n<p>&nbsp;<\/p>\n<p>karta klubowa <strong>30 z\u0142 <\/strong> (wy\u015blij swoje zdj\u0119cie na wtw@wtw.waw.pl)<\/p>\n<p>\u00a0<\/p>\n<p>Konto bankowe:\u00a0 BNP Paribas 36 2030 0045 1110 0000 0198 1070<\/p>\n<p>\u00a0<\/p>\n<p>\u00a0<\/p>\n<p>\u00a0<\/p>\n<p>.[\/vc_column_text][\/vc_column][vc_column width=&quot;1\/2&quot;][vc_single_image image=&quot;32157&quot; img_size=&quot;full&quot; onclick=&quot;custom_link&quot; qode_css_animation=&quot;&quot; link=&quot;https:\/\/wpserwis.cfolks.pl\/r2\/marynarka-klubowa-na-145-lecie-wtw-2\/%22][\/vc_column][\/vc_row]<\/p>\n","protected":false},"excerpt":{"rendered":"<p>[vc_row css_animation=&#8221;&#8221; row_type=&#8221;row&#8221; use_row_as_full_screen_section=&#8221;no&#8221; type=&#8221;full_width&#8221; angled_section=&#8221;no&#8221; text_align=&#8221;left&#8221; background_image_as_pattern=&#8221;without_pattern&#8221;][vc_column width=&#8221;1\/2&#8243;][vc_column_text]Sekcja Regatowa Wio\u015blarska Warszawskiego Towarzystwa Wio\u015blarskiego, zaprasza dziewcz\u0119ta i ch\u0142opc\u00f3w&nbsp; w wieku 10 \u2013 16 lat na zaj\u0119cia sportowe. Dla zawodnik\u00f3w organizujemy zgrupowania zimowe, wiosenne i letnie. Uczestniczymy w zawodach&nbsp; wojew\u00f3dzkich i og\u00f3lnopolskich w wio\u015blarstwie. &nbsp; W ramach zaj\u0119\u0107 oferujemy: najnowocze\u015bniejsz\u0105 baz\u0119 treningow\u0105 w Polsce ( ul. [&hellip;]<\/p>\n","protected":false},"author":1,"featured_media":0,"parent":0,"menu_order":0,"comment_status":"closed","ping_status":"closed","template":"","meta":{"_acf_changed":false,"footnotes":""},"class_list":["post-32153","page","type-page","status-publish","hentry"],"acf":[],"_links":{"self":[{"href":"https:\/\/wpserwis.cfolks.pl\/r2\/wp-json\/wp\/v2\/pages\/32153","targetHints":{"allow":["GET"]}}],"collection":[{"href":"https:\/\/wpserwis.cfolks.pl\/r2\/wp-json\/wp\/v2\/pages"}],"about":[{"href":"https:\/\/wpserwis.cfolks.pl\/r2\/wp-json\/wp\/v2\/types\/page"}],"author":[{"embeddable":true,"href":"https:\/\/wpserwis.cfolks.pl\/r2\/wp-json\/wp\/v2\/users\/1"}],"replies":[{"embeddable":true,"href":"https:\/\/wpserwis.cfolks.pl\/r2\/wp-json\/wp\/v2\/comments?post=32153"}],"version-history":[{"count":0,"href":"https:\/\/wpserwis.cfolks.pl\/r2\/wp-json\/wp\/v2\/pages\/32153\/revisions"}],"wp:attachment":[{"href":"https:\/\/wpserwis.cfolks.pl\/r2\/wp-json\/wp\/v2\/media?parent=32153"}],"curies":[{"name":"wp","href":"https:\/\/api.w.org\/{rel}","templated":true}]}}

Wioślarstwo &#8211; nabór

<p>[vc_row css_animation=&#8221;&#8221; row_type=&#8221;row&#8221; use_row_as_full_screen_section=&#8221;no&#8221; type=&#8221;full_width&#8221; angled_section=&#8221;no&#8221; text_align=&#8221;left&#8221; background_image_as_pattern=&#8221;without_pattern&#8221;][vc_column width=&#8221;1/2&#8243;][vc_column_text]Sekcja Regatowa Wioślarska Warszawskiego Towarzystwa Wioślarskiego, zaprasza dziewczęta i chłopców&nbsp; w wieku 10 – 16 lat na zajęcia sportowe. Dla zawodników organizujemy zgrupowania zimowe, wiosenne i letnie. Uczestniczymy w zawodach&nbsp; wojewódzkich i ogólnopolskich w wioślarstwie.</p>
<p>&nbsp;</p>
<p><strong>W ramach zajęć oferujemy:</strong></p>
<ul>
<li>najnowocześniejszą bazę treningową w Polsce (<a href="https://www.wtw.waw.pl/przystan-wioslarska/"><strong> ul. Wioślarska 6</strong>)&nbsp;</a></li>
<li>naukę wiosłowania na basenie wioślarskim (zima) oraz na łodziach wioślarskich (wiosna/lato)</li>
<li>pełne wyposażenie sprzętowe: wiosła i łodzie wioślarskie</li>
<li>zajęcia ogólnorozwojowe w terenie, na sali gimnastycznej, w basenie pływackim</li>
<li>zajęcia na siłowni i ergometrach wioślarskich</li>
<li>sauny</li>
<li>wykwalifikowaną kadrę trenerską</li>
<li>zawody sportowe i obozy (wiosenny i letni &#8211; lipiec)</li>
<li>ubezpieczenie i pełne zabezpieczenie zajęć na wodzie</li>
<li>przygodę i dobrą zabawę</li>
</ul>
<p>&nbsp;</p>
<p><strong>Miejsce treningów:</strong></p>
<p><a href="https://wpserwis.cfolks.pl/r2/przystan-wioslarska/">OŚRODEK SPORTÓW WODNYCH WTW ul. Wioślarska 6</a></p>
<p><a href="https://wpserwis.cfolks.pl/r2/przystan-zaruskiego/">OŚRODEK SPORTÓW WODNYCH WTW ul. Zaruskiego 12 (Cypel Czerniakowski)</a></p>
<p>*listopad – marzec: obiekty zewnętrzne wg ustalonego harmonogramu (basen, hala sportowa)</p>
<p>&nbsp;</p>
<p>&nbsp;</p>
<p>&nbsp;</p>
<p>&nbsp;</p>
<p>Treningi:</p>
<p>&nbsp;wtorek (Wioślarska 6), czwartek, piątek godz. 16:00 &#8211; 18:00&nbsp;</p>
<p>sobota: 10;00 &#8211; 12:00</p>
<p>miejsce:</p>
<ul>
<li>Wioślarska 6 (jesień/zima)</li>
<li>Zaruskiego 12 (wiosna/lato)</li>
</ul>
<p> </p>
<p> </p>
<p> </p>
<p>.[/vc_column_text][/vc_column][vc_column width=&quot;1/2&quot;][vc_single_image image=&quot;35714&quot; img_size=&quot;full&quot; onclick=&quot;custom_link&quot; qode_css_animation=&quot;&quot; link=&quot;https://wpserwis.cfolks.pl/r2/zapisy/%22][/vc_column][/vc_row][vc_row css_animation=&quot;&quot; row_type=&quot;row&quot; use_row_as_full_screen_section=&quot;no&quot; type=&quot;full_width&quot; angled_section=&quot;no&quot; text_align=&quot;left&quot; background_image_as_pattern=&quot;without_pattern&quot;][vc_column][vc_empty_space][vc_empty_space][vc_separator type=&quot;normal&quot;][vc_empty_space][vc_empty_space][/vc_column][/vc_row][vc_row css_animation=&quot;&quot; row_type=&quot;row&quot; use_row_as_full_screen_section=&quot;no&quot; type=&quot;full_width&quot; angled_section=&quot;no&quot; text_align=&quot;left&quot; background_image_as_pattern=&quot;without_pattern&quot;][vc_column width=&quot;1/2&quot;][vc_column_text][button size=&apos;&apos; style=&apos;&apos; text=&apos;TRENINGI I TRENERZY&apos; icon=&apos;&apos; icon_color=&apos;&apos; link=&apos;https://wpserwis.cfolks.pl/r2/wioslarstwo-treningi/&apos; target=&apos;_self&apos; color=&apos;&apos; hover_color=&apos;&apos; border_color=&apos;&apos; hover_border_color=&apos;&apos; background_color=&apos;&apos; hover_background_color=&apos;&apos; font_style=&apos;&apos; font_weight=&apos;&apos; text_align=&apos;&apos; margin=&apos;&apos;]</p>
<p> </p>
<p> </p>
<p>[button size=&apos;&apos; style=&apos;&apos; text=&apos;DEKLARACJA JUNIOR &#8211; POBIERZ&apos; icon=&apos;&apos; icon_color=&apos;&apos; link=&apos;https://wpserwis.cfolks.pl/r2/wp-content/uploads/2024/02/Deklaracja-JUNIOR-1.pdf&apos; target=&apos;_self&apos; color=&apos;&apos; hover_color=&apos;&apos; border_color=&apos;&apos; hover_border_color=&apos;&apos; background_color=&apos;&apos; hover_background_color=&apos;&apos; font_style=&apos;&apos; font_weight=&apos;&apos; text_align=&apos;&apos; margin=&apos;&apos;]</p>
<p> </p>
<p> </p>
<p><strong>OPŁATY :</strong></p>
<p>&nbsp;</p>
<p>miesięczna składka członkowska dla zawodników trenujących <strong>40 zł<br />
</strong>miesięczna składka członkowska dla zawodników nietrenujących (dłużej niż 3 miesiące) <strong>120 zł</strong></p>
<p>&nbsp;</p>
<p>&nbsp;</p>
<p>miesięczna opłata treningowa wynosi:</p>
<p><strong>220 zł</strong> (<strong>+ 40 zł opłata członkowska</strong>) – młodzik / grupa naborowa (13-14 lat)</p>
<p><strong>220 zł</strong> (<strong>+ 40 zł opłata członkowska</strong>) – junior młodszy (15-16 lat)</p>
<p><strong>150 zł</strong> (<strong>+ 40 zł opłata członkowska</strong>) – junior (17-18 lat)</p>
<p><strong>80 zł</strong> (<strong>+ 40 zł opłata członkowska</strong>) – młodzieżowiec (19-22 lata)</p>
<p><strong>80 zł</strong> (<strong>+ 60 zł opłata członkowska</strong>) – senior (&gt;23 lat)</p>
<p>&nbsp;</p>
<p>karta klubowa <strong>30 zł </strong> (wyślij swoje zdjęcie na wtw@wtw.waw.pl)</p>
<p> </p>
<p>Konto bankowe:  BNP Paribas 36 2030 0045 1110 0000 0198 1070</p>
<p> </p>
<p> </p>
<p> </p>
<p>.[/vc_column_text][/vc_column][vc_column width=&quot;1/2&quot;][vc_single_image image=&quot;32157&quot; img_size=&quot;full&quot; onclick=&quot;custom_link&quot; qode_css_animation=&quot;&quot; link=&quot;https://wpserwis.cfolks.pl/r2/marynarka-klubowa-na-145-lecie-wtw-2/%22][/vc_column][/vc_row]</p>

<p>[vc_row css_animation=&#8221;&#8221; row_type=&#8221;row&#8221; use_row_as_full_screen_section=&#8221;no&#8221; type=&#8221;full_width&#8221; angled_section=&#8221;no&#8221; text_align=&#8221;left&#8221; background_image_as_pattern=&#8221;without_pattern&#8221;][vc_column width=&#8221;1/2&#8243;][vc_column_text]Sekcja Regatowa Wioślarska Warszawskiego Towarzystwa Wioślarskiego, zaprasza dziewczęta i chłopców&nbsp; w wieku 10 – 16 lat na zajęcia sportowe. Dla zawodników organizujemy zgrupowania zimowe, wiosenne i letnie. Uczestniczymy w zawodach&nbsp; wojewódzkich i ogólnopolskich w wioślarstwie. &nbsp; W ramach zajęć oferujemy: najnowocześniejszą bazę treningową w Polsce ( ul. [&hellip;]</p>
